{"id":1519,"date":"2021-05-05T13:13:12","date_gmt":"2021-05-05T11:13:12","guid":{"rendered":"https:\/\/cdu-stade.de\/drochtersen\/?page_id=1519"},"modified":"2022-01-30T12:12:17","modified_gmt":"2022-01-30T11:12:17","slug":"startseite","status":"publish","type":"page","link":"https:\/\/cdukvstade.de\/drochtersen\/","title":{"rendered":"Mit klarer Kante."},"content":{"rendered":"\n<div class=\"wp-block-columns\">\n<div class=\"wp-block-column\" style=\"flex-basis:50%\">\n<figure class=\"wp-block-image size-large is-style-rounded\"><a href=\"https:\/\/cdu-stade.de\/drochtersen\/wp-content\/uploads\/2022\/01\/Foto-neue-Fraktion-2.jpg\"><img loading=\"lazy\" width=\"1024\" height=\"768\" src=\"https:\/\/cdu-stade.de\/drochtersen\/wp-content\/uploads\/2022\/01\/Foto-neue-Fraktion-2-1024x768.jpg\" alt=\"\" class=\"wp-image-1750\" srcset=\"https:\/\/cdukvstade.de\/drochtersen\/wp-content\/uploads\/2022\/01\/Foto-neue-Fraktion-2-1024x768.jpg 1024w, https:\/\/cdukvstade.de\/drochtersen\/wp-content\/uploads\/2022\/01\/Foto-neue-Fraktion-2-300x225.jpg 300w, https:\/\/cdukvstade.de\/drochtersen\/wp-content\/uploads\/2022\/01\/Foto-neue-Fraktion-2-768x576.jpg 768w, https:\/\/cdukvstade.de\/drochtersen\/wp-content\/uploads\/2022\/01\/Foto-neue-Fraktion-2-1536x1152.jpg 1536w, https:\/\/cdukvstade.de\/drochtersen\/wp-content\/uploads\/2022\/01\/Foto-neue-Fraktion-2.jpg 2048w\" sizes=\"(max-width: 1024px) 100vw, 1024px\" \/><\/a><\/figure>\n\n\n\n<p><\/p>\n\n\n\n<p><strong>Nach der Kommunalwahl: Neue CDU-Fraktion im Gemeinderat Drochtersen nimmt ihre Arbeit auf.<\/strong><\/p>\n\n\n\n<p>Hannes Hatecke f\u00fchrt als Nachfolger von Jens Sch\u00fctt zuk\u00fcnftig die Fraktion an \u2013 gemeinsam mit seinen Stellvertretern Bernd Mattern, Reiner Heinsohn und Holger Krohne.<\/p>\n\n\n\n<p>F\u00fcr die CDU in den Gemeinderat gew\u00e4hlt wurden au\u00dferdem: Peter Dieter-V\u00f6lckers, Gerd Hagenah, Jens Sch\u00fctt, Joachim Grantz, Jennifer K\u00f6nig, Torsten Schliecker, Eike Weber und Andr\u00e9 Weseloh.<\/p>\n<\/div>\n\n\n\n<div class=\"wp-block-column\" style=\"flex-basis:50%\">\n<figure class=\"wp-block-image size-large is-style-rounded\"><a href=\"https:\/\/cdu-stade.de\/drochtersen\/wp-content\/uploads\/2022\/01\/Vorstand-Gemeindeverband-2021-scaled.jpeg\"><img loading=\"lazy\" width=\"1024\" height=\"768\" src=\"https:\/\/cdu-stade.de\/drochtersen\/wp-content\/uploads\/2022\/01\/Vorstand-Gemeindeverband-2021-1024x768.jpeg\" alt=\"\" class=\"wp-image-1752\" srcset=\"https:\/\/cdukvstade.de\/drochtersen\/wp-content\/uploads\/2022\/01\/Vorstand-Gemeindeverband-2021-1024x768.jpeg 1024w, https:\/\/cdukvstade.de\/drochtersen\/wp-content\/uploads\/2022\/01\/Vorstand-Gemeindeverband-2021-300x225.jpeg 300w, https:\/\/cdukvstade.de\/drochtersen\/wp-content\/uploads\/2022\/01\/Vorstand-Gemeindeverband-2021-768x576.jpeg 768w, https:\/\/cdukvstade.de\/drochtersen\/wp-content\/uploads\/2022\/01\/Vorstand-Gemeindeverband-2021-1536x1152.jpeg 1536w, https:\/\/cdukvstade.de\/drochtersen\/wp-content\/uploads\/2022\/01\/Vorstand-Gemeindeverband-2021-2048x1536.jpeg 2048w\" sizes=\"(max-width: 1024px) 100vw, 1024px\" \/><\/a><\/figure>\n\n\n\n<p><\/p>\n\n\n\n<p><strong>Neuer Vorstand des Gemeindeverbandes gew\u00e4hlt &#8211; mit einigen personelle Ver\u00e4nderungen.<\/strong><\/p>\n\n\n\n<p>Andre Weseloh, der die Verbandsleitung bereits von Margarethe Petersen \u00fcbernommen hatte, bleibt Vorsitzender. Unterst\u00fctzt wird er zuk\u00fcnftig von drei Stellvertretern: Viola Triebel, Peter Dieter V\u00f6lckers und Philipp R\u00f6ndigs, der gleichzeitig auch zum neuen Mitgliederbeauftragten gew\u00e4hlt wurde. Der bisherige Schriftf\u00fchrer, Eike Weber, gibt sein Amt an Jonas Riebeling ab, der erst k\u00fcrzlich aus B\u00fctzfleth in die Gemeinde gezogen ist. Er selbst wurde zum neuen Kassenwart gew\u00e4hlt.<\/p>\n\n\n\n<p>Auch unter den gew\u00e4hlten sechs Beisitzern finden sich neben den erfahrenen Mitgliedern Margarethe Petersen und Jens Sch\u00fctt gleich vier neue Gesichter: Anne Weseloh, Mareike von Borstel, Fabian von Borstel und Heino Steinert, Leiter des Boxclubs in Assel.<\/p>\n\n\n\n<p>Vertreter der Senioren Union wurde erneut deren Vorsitzender, Reiner Heinsohn.<\/p>\n\n\n\n<p>Als Ziele f\u00fcr die kommenden Jahre habe man sich insbesondere das Mitgliederwachstum des Verbandes sowie Angebote zum Mitgestalten und entsprechende \u00d6ffentlichkeitsarbeit vorgenommen, berichten Andre Weseloh und Philipp R\u00f6ndigs.<\/p>\n<\/div>\n<\/div>\n\n\n\n<div class=\"wp-block-columns\">\n<div class=\"wp-block-column\"><\/div>\n\n\n\n<div class=\"wp-block-column\"><\/div>\n<\/div>\n","protected":false},"excerpt":{"rendered":"<p>Nach der Kommunalwahl: Neue CDU-Fraktion im Gemeinderat Drochtersen nimmt ihre Arbeit auf. Hannes Hatecke f\u00fchrt als Nachfolger von Jens Sch\u00fctt zuk\u00fcnftig die Fraktion an \u2013 gemeinsam mit seinen Stellvertretern Bernd Mattern, Reiner Heinsohn und Holger Krohne. F\u00fcr die CDU in den Gemeinderat gew\u00e4hlt wurden au\u00dferdem: Peter Dieter-V\u00f6lckers, Gerd Hagenah, Jens Sch\u00fctt, Joachim Grantz, Jennifer K\u00f6nig, [&hellip;]<\/p>\n","protected":false},"author":6,"featured_media":1751,"parent":0,"menu_order":0,"comment_status":"closed","ping_status":"closed","template":"","meta":{"ngg_post_thumbnail":0},"categories":[],"acf":[],"_links":{"self":[{"href":"https:\/\/cdukvstade.de\/drochtersen\/wp-json\/wp\/v2\/pages\/1519"}],"collection":[{"href":"https:\/\/cdukvstade.de\/drochtersen\/wp-json\/wp\/v2\/pages"}],"about":[{"href":"https:\/\/cdukvstade.de\/drochtersen\/wp-json\/wp\/v2\/types\/page"}],"author":[{"embeddable":true,"href":"https:\/\/cdukvstade.de\/drochtersen\/wp-json\/wp\/v2\/users\/6"}],"replies":[{"embeddable":true,"href":"https:\/\/cdukvstade.de\/drochtersen\/wp-json\/wp\/v2\/comments?post=1519"}],"version-history":[{"count":9,"href":"https:\/\/cdukvstade.de\/drochtersen\/wp-json\/wp\/v2\/pages\/1519\/revisions"}],"predecessor-version":[{"id":1754,"href":"https:\/\/cdukvstade.de\/drochtersen\/wp-json\/wp\/v2\/pages\/1519\/revisions\/1754"}],"wp:featuredmedia":[{"embeddable":true,"href":"https:\/\/cdukvstade.de\/drochtersen\/wp-json\/wp\/v2\/media\/1751"}],"wp:attachment":[{"href":"https:\/\/cdukvstade.de\/drochtersen\/wp-json\/wp\/v2\/media?parent=1519"}],"wp:term":[{"taxonomy":"category","embeddable":true,"href":"https:\/\/cdukvstade.de\/drochtersen\/wp-json\/wp\/v2\/categories?post=1519"}],"curies":[{"name":"wp","href":"https:\/\/api.w.org\/{rel}","templated":true}]}}

<div class="wp-block-columns">
<div class="wp-block-column" style="flex-basis:50%">
<figure class="wp-block-image size-large is-style-rounded"><a href="https://cdu-stade.de/drochtersen/wp-content/uploads/2022/01/Foto-neue-Fraktion-2.jpg"><img loading="lazy" width="1024" height="768" src="https://cdu-stade.de/drochtersen/wp-content/uploads/2022/01/Foto-neue-Fraktion-2-1024x768.jpg" alt="" class="wp-image-1750" srcset="https://cdukvstade.de/drochtersen/wp-content/uploads/2022/01/Foto-neue-Fraktion-2-1024x768.jpg 1024w, https://cdukvstade.de/drochtersen/wp-content/uploads/2022/01/Foto-neue-Fraktion-2-300x225.jpg 300w, https://cdukvstade.de/drochtersen/wp-content/uploads/2022/01/Foto-neue-Fraktion-2-768x576.jpg 768w, https://cdukvstade.de/drochtersen/wp-content/uploads/2022/01/Foto-neue-Fraktion-2-1536x1152.jpg 1536w, https://cdukvstade.de/drochtersen/wp-content/uploads/2022/01/Foto-neue-Fraktion-2.jpg 2048w" sizes="(max-width: 1024px) 100vw, 1024px" /></a></figure>



<p></p>



<p><strong>Nach der Kommunalwahl: Neue CDU-Fraktion im Gemeinderat Drochtersen nimmt ihre Arbeit auf.</strong></p>



<p>Hannes Hatecke führt als Nachfolger von Jens Schütt zukünftig die Fraktion an – gemeinsam mit seinen Stellvertretern Bernd Mattern, Reiner Heinsohn und Holger Krohne.</p>



<p>Für die CDU in den Gemeinderat gewählt wurden außerdem: Peter Dieter-Völckers, Gerd Hagenah, Jens Schütt, Joachim Grantz, Jennifer König, Torsten Schliecker, Eike Weber und André Weseloh.</p>
</div>



<div class="wp-block-column" style="flex-basis:50%">
<figure class="wp-block-image size-large is-style-rounded"><a href="https://cdu-stade.de/drochtersen/wp-content/uploads/2022/01/Vorstand-Gemeindeverband-2021-scaled.jpeg"><img loading="lazy" width="1024" height="768" src="https://cdu-stade.de/drochtersen/wp-content/uploads/2022/01/Vorstand-Gemeindeverband-2021-1024x768.jpeg" alt="" class="wp-image-1752" srcset="https://cdukvstade.de/drochtersen/wp-content/uploads/2022/01/Vorstand-Gemeindeverband-2021-1024x768.jpeg 1024w, https://cdukvstade.de/drochtersen/wp-content/uploads/2022/01/Vorstand-Gemeindeverband-2021-300x225.jpeg 300w, https://cdukvstade.de/drochtersen/wp-content/uploads/2022/01/Vorstand-Gemeindeverband-2021-768x576.jpeg 768w, https://cdukvstade.de/drochtersen/wp-content/uploads/2022/01/Vorstand-Gemeindeverband-2021-1536x1152.jpeg 1536w, https://cdukvstade.de/drochtersen/wp-content/uploads/2022/01/Vorstand-Gemeindeverband-2021-2048x1536.jpeg 2048w" sizes="(max-width: 1024px) 100vw, 1024px" /></a></figure>



<p></p>



<p><strong>Neuer Vorstand des Gemeindeverbandes gewählt &#8211; mit einigen personelle Veränderungen.</strong></p>



<p>Andre Weseloh, der die Verbandsleitung bereits von Margarethe Petersen übernommen hatte, bleibt Vorsitzender. Unterstützt wird er zukünftig von drei Stellvertretern: Viola Triebel, Peter Dieter Völckers und Philipp Röndigs, der gleichzeitig auch zum neuen Mitgliederbeauftragten gewählt wurde. Der bisherige Schriftführer, Eike Weber, gibt sein Amt an Jonas Riebeling ab, der erst kürzlich aus Bützfleth in die Gemeinde gezogen ist. Er selbst wurde zum neuen Kassenwart gewählt.</p>



<p>Auch unter den gewählten sechs Beisitzern finden sich neben den erfahrenen Mitgliedern Margarethe Petersen und Jens Schütt gleich vier neue Gesichter: Anne Weseloh, Mareike von Borstel, Fabian von Borstel und Heino Steinert, Leiter des Boxclubs in Assel.</p>



<p>Vertreter der Senioren Union wurde erneut deren Vorsitzender, Reiner Heinsohn.</p>



<p>Als Ziele für die kommenden Jahre habe man sich insbesondere das Mitgliederwachstum des Verbandes sowie Angebote zum Mitgestalten und entsprechende Öffentlichkeitsarbeit vorgenommen, berichten Andre Weseloh und Philipp Röndigs.</p>
</div>
</div>



<div class="wp-block-columns">
<div class="wp-block-column"></div>



<div class="wp-block-column"></div>
</div>

<p>Nach der Kommunalwahl: Neue CDU-Fraktion im Gemeinderat Drochtersen nimmt ihre Arbeit auf. Hannes Hatecke führt als Nachfolger von Jens Schütt zukünftig die Fraktion an – gemeinsam mit seinen Stellvertretern Bernd Mattern, Reiner Heinsohn und Holger Krohne. Für die CDU in den Gemeinderat gewählt wurden außerdem: Peter Dieter-Völckers, Gerd Hagenah, Jens Schütt, Joachim Grantz, Jennifer König, [&hellip;]</p>
